e prime factors of p(17)?
45589
What are the prime factors of (-2467936)/(-32) - ((4 - 2) + 5)?
2, 13, 1483
Let v(g) be the third derivative of 5*g**6/12 - g**5/60 + 7*g**4/12 - 13*g**3/3 + 159*g**2. List the prime factors of v(2).
2, 199
Suppose -5*d + 23814 + 4173 = 4*t, t + 22398 = 4*d. List the prime factors of d.
11, 509
Let g = -21 + 24. Suppose -f = -g*v - v - 44, 2*v = -6. Let k = f - -6. What are the prime factors of k?
2, 19
Suppose -2*w - 3124 = g - 27801, -98708 = -4*g + 4*w. What are the prime factors of g?
24677
Let z(p) = -1317*p + 503. What are the prime factors of z(-9)?
2, 3089
Let h(j) = j**3 - 6*j**2 - 12*j - 17. Let u be h(8). What are the prime factors of (25/u - -3)*27?
2, 3, 7
Suppose 102*v - 600840 = 1127346. List the prime factors of v.
16943
List the prime factors of 40815/3 - 2220/185.
3, 23, 197
Suppose 0 = -5*d + 1 + 14. Let i be (3/21)/(d/21). What are the prime factors of (-120 + -4 + 0)/(i - 2)?
2, 31
Let x = 12237 - 2103. What are the prime factors of x?
2, 3, 563
Let f be 4/(-18) + (-25732)/(-126). Suppose -2*n = -2*c - f, c = 5*n - 263 - 247. Suppose 848 = 106*s - n*s. What are the prime factors of s?
2, 53
Let n(f) = -17*f**3 + f**2 - f. Let r be n(1). Let t = r - -17. Suppose -10*y + 7*y + 180 = t. List the prime factors of y.
2, 3, 5
Suppose 4*o + 5*d + 22 = 0, 2*o + 0*d + 12 = -3*d. What are the prime factors of 61 - (1 + (-9)/o)?
3, 19
Let t(k) = k**3 - 13*k**2 - 14*k + 2. Let o be t(14). List the prime factors of (4/8)/(o/428) + -4.
103
Suppose -9*f - 85 = 95. Let h be f/(-6)*(-66)/(-55). Suppose -4*p = -2*p, 0 = h*z + 4*p - 540. What are the prime factors of z?
3, 5
Let r(p) = -35 - p - 4*p**2 - 36 + 79 + p**3. Let y be r(4). Suppose 6*n + y*n = 810. List the prime factors of n.
3
Suppose -k = 4*c, -4*c + 5 = 3*k + 13. What are the prime factors of -13*(-20 - 6) + k?
2, 167
Suppose 2*o + 41*n - 15856 = 39*n, -3*o - 4*n + 23782 = 0. What are the prime factors of o?
2, 5, 13, 61
Let j(z) = -14*z - 6. Let c be j(-1). Suppose 4*q + c = 44. List the prime factors of q/3*(-1 - 10*-3).
3, 29
Suppose -490960 = 517*u - 555*u. What are the prime factors of u?
2, 5, 17, 19
Suppose 58*k - 21*k - 131609 = 0. What are the prime factors of k?
3557
Suppose -4*t - 494 = -242. What are the prime factors of (-6566)/t - 12/54?
2, 13
Suppose 16*h + 28*h = 28*h + 394192. List the prime factors of h.
71, 347
Let t(c) = 110*c**2 + c + 7. Let i = 262 - 264. List the prime factors of t(i).
5, 89
Let s be 216/40 - 2/5. Suppose 7 + s = 2*l. Suppose b = h - 66, 0 = 4*h + l*b - 2*b - 272. List the prime factors of h.
67
Let z(n) = n**2 + 6*n + 8. Let k(p) = -2*p**3 + 3*p**2 - 2*p + 3. Let m be k(2). Let t be z(m). Suppose -112 = t*d - 376. List the prime factors of d.
2, 11
Let j = 91 - 147. Let o = -61 - j. Let v(c) = -38*c + 10. List the prime factors of v(o).
2, 5
Suppose 13*t + 12*t = 73320 - 2745. What are the prime factors of t?
3, 941
Suppose 3*q - 26880 = -2*k, -q + 2783 = 2*k - 6169. What are the prime factors of q?
2, 3, 83
Let h = 68596 - 44879. What are the prime factors of h?
37, 641
Let i = 6987 + 1025. List the prime factors of i.
2, 2003
List the prime factors of (-28)/(-35) - (56381/(-5) - 4).
29, 389
Let y be -3 + (-232)/(-72) - 25/(-9). Suppose -3*k - 2154 = -3*q, y*q - 2168 = -35*k + 31*k. What are the prime factors of q?
2, 3, 5
What are the prime factors of (-39)/182 - (-1169572)/56?
5, 4177
Let y be (-1)/(-8 + (-1612664)/(-201584)). Suppose -68252 = -50*v + y. List the prime factors of v.
3, 7, 89
Suppose 4*k + 20 = -5*r, -r - 3*k - 2*k = 25. Let g(z) = z**3 + z**2 - 2*z + 268. What are the prime factors of g(r)?
2, 67
Let x(o) = -2*o - 9. Let l be x(-7). Suppose -5*a - 1149 = -1359. Suppose -r = l*r - a. What are the prime factors of r?
7
Let z(u) = 9*u - 185. Let p be z(10). What are the prime factors of (116 + p)*(4/(-3))/(-1)?
2, 7
Suppose 0 = 154*d - 120*d - 58548. What are the prime factors of d?
2, 3, 7, 41
Let h(s) = 2*s**2 - 10*s. Let y be h(6). What are the prime factors of (-4)/(-6) + 748/y?
3, 7
Let a(v) = 3564*v - 1349. List the prime factors of a(24).
29, 2903
Let c = -53514 + 75875. What are the prime factors of c?
59, 379
Let v = -55937 - -92491. What are the prime factors of v?
2, 7, 373
Suppose 98 = -5*w - 102. Let u = 42 + w. Suppose 596 = 5*m + u*x, 575 = 5*m - 6*x + x. List the prime factors of m.
2, 59
Let c = -1074 + 11699. What are the prime factors of c?
5, 17
Let b be (250/4)/((-9)/(-54)). Let j = b - 67. List the prime factors of j.
2, 7, 11
What are the prime factors of -154076*((-638)/88 - -7)?
13, 2963
Let l = -37946 + 60000. What are the prime factors of l?
2, 11027
Suppose -2*f - 4*j + 5*j + 11 = 0, 0 = -2*f + 5*j + 7. Suppose 3*a = f*a - 9. What are the prime factors of (-1 - a) + (-1352)/(-13)?
2, 5
Suppose 0 = 6*d - 4 - 14. Let o(q) = 35*q - 3. What are the prime factors of o(d)?
2, 3, 17
Let z(g) = -g + 24. Let p be z(-12). Let v = p - 17. Let l(s) = s**2 - 15*s + 31. What are the prime factors of l(v)?
107
Let r(c) = -c**3 - 2*c**2 - c + 4. Let v be r(-2). Suppose 4*b + v = 7*b. Suppose 0*g + b*g = -4*h + 42, -h + g = -9. What are the prime factors of h?
2, 5
Let r = 10377 + 18342. List the prime factors of r.
3, 3191
Let j(h) be the third derivative of 23*h**5/120 - h**4/12 - 11*h**3/2 - 32*h**2. Let f(k) be the first derivative of j(k). What are the prime factors of f(2)?
2, 11
Let f = 30 - -425. Suppose -6*b + b - n = -f, 0 = -4*b - 5*n + 343. What are the prime factors of b?
2, 23
Let t(j) = -j**3 + 41*j**2 + 87*j - 1115. What are the prime factors of t(33)?
2, 2617
Suppose 2*u = -4458 + 20496. List the prime factors of u.
3, 11
Let w be 8110/8 + 18/72. Suppose 3*v - w = 3*b, 3*v - 11*b = -7*b + 1013. List the prime factors of v.
3, 113
Suppose 0*b = -6*b - 54. Let l(h) = 2*h**2 - h**2 + h + 0*h**2 - 13 + 0*h**2. List the prime factors of l(b).
59
Suppose -a - 1858 = 29*s - 30*s, -3*s - 5*a + 5606 = 0. What are the prime factors of s?
2, 7, 19
Let t(a) = 201*a**2 - 226*a + 29. What are the prime factors of t(17)?
2, 3, 4523
Let y(n) = n - 2*n + 1 + 4*n. Let b be y(8). List the prime factors of ((-54)/10)/((-5)/b).
3
Let s = 9946 - -5655. What are the prime factors of s?
15601
Suppose o + 2*q - 1 - 2 = 0, 4 = 4*q. Let k(g) = -6 - 4 + o + 2 - 4*g. What are the prime factors of k(-8)?
5
Let s be 7/(2/10 - 0). Suppose 9*f - s = 325. What are the prime factors of f?
2, 5
Let s(u) = 14*u**2 + 2*u - 10. Let q be s(9). Suppose 0*c + 3*a + q = 5*c, -5*c - 4*a + 1114 = 0. What are the prime factors of c?
2, 113
Let q = -25 + 45. Suppose -461*d + 2 = -460*d. List the prime factors of 94*15/q*d.
3, 47
Let i(a) = 18530*a - 123. List the prime factors of i(1).
79, 233
Let z be -1 + -1 + 7/(63/36). Let w = -26 + 28. Suppose -10 = z*f, w*r + 0*f - 322 = -2*f. List the prime factors of r.
2, 83
Let k(i) = 45*i + 2240. List the prime factors of k(-48).
2, 5
Suppose 1733699 = -168*w + 7395131. What are the prime factors of w?
3, 47, 239
Suppose 8273 = 3*y + 2*n, -y - 3*y = -3*n - 11025. Let r = y - 1906. What are the prime factors of r?
23, 37
Let m(x) = 27*x**2 + 11*x + 5. Suppose -20 = 13*s - 72. What are the prime factors of m(s)?
13, 37
What are the prime factors of 23/207 - ((-58489)/18 + 1/2)?
3, 19
Suppose 12*t = -11*t + 11316. Suppose -t*h = -488*h - 2332. What are the prime factors of h?
11, 53
Suppose -4935 = -3*s - 1165*r + 1169*r, 0 = 4*s + r - 6580. What are the prime factors of s?
5, 7, 47
Suppose -1758587 = -113*n + 577236. What are the prime factors of n?
7, 2953
Suppose 0 = 5*b - 5*c - 42 - 63, -4*b = -2*c - 74. Suppose 2*h - h = -b. List the prime factors of (2/h*-4)/(2/556).
139
Suppose -3*x + 253 = -2*i + 1039, 0 = -5*x + 10. Suppose 2*d + i = 3*a - d, 2*d - 681 = -5*a. What are the prime factors of a?
3, 5
Suppose -2*i - 5*f + 80597 = -43099, -4*i + 247464 = f. What are the prime factors of i?
2, 15467
Suppose -t - 4*q - q + 13450 = 0, 4*t = 3*q + 53777. Suppose -45*z + t + 33400 = 0. What are the prime factors of z?
3, 347
Let d(i) be the second derivative of -i**4/6 + i**3/3 + 8*i**2 - 19*i. Let u be d(-9). What are the prime factors of ((-66)/44)/(6/u)?
41
Let x = 164133 + -114500. What are the prime factors of x?
49633
Let r = 77 - 81. Let h(o) = 11*o**2 - 